 o be m(-18). What is the units digit of 2 + (5*-44)/o?
6
Suppose 3*q = -2*l + 53952, 2*l - 3*q - 27017 = 26923. What is the units digit of l?
3
What is the thousands digit of 49343/742*(2 + 313 + -1)?
0
Let v(f) = -407*f + 44. What is the hundreds digit of v(-7)?
8
Suppose -15*y + 47736 = -10*y + 4*d, 4*d + 28680 = 3*y. What is the tens digit of y?
5
Suppose 42788 = 16*f - 13068. What is the units digit of f?
1
Suppose -4*j + v - 30881 = -232853, 2*v = 3*j - 151479. What is the ten thousands digit of j?
5
Suppose -5*v + 4*v + 8*v = 35490. What is the thousands digit of v?
5
Let l(f) = f**3 - 3*f**2 - 6*f + 5. Let k be l(4). What is the units digit of k - -370 - (-13 - -14)?
6
Let t be (-6)/(-15) - (-10152)/45. Suppose -n + 153 = -q, 4*q + 2*n + 794 = 182. Let y = q + t. What is the tens digit of y?
7
Suppose -7 = -12*c + 29. Let w(v) = 73*v + 26. What is the units digit of w(c)?
5
Suppose -o = 1 - 13. Suppose -8 = -4*s + 2*x, s + s - o = -x. Suppose 0 = -5*j + s*j + 139. What is the units digit of j?
9
Suppose j - 19*i = -20*i - 9, -2*i - 9 = j. What is the units digit of 1653/9 - (-3 - 24/j)?
4
Suppose 0 = 3098*k - 3074*k - 145920. What is the units digit of k?
0
Let x(i) = -3*i + 13. Let s be x(4). Suppose -18*f + 15 = -15*f. What is the units digit of ((-725)/f)/(-4 + 3/s)?
5
Let a(u) = -u**2 - 22 + 20 - 12 - 6*u - 18 - 12*u. Suppose h + 13 = -1. What is the units digit of a(h)?
4
Let b(p) = 135*p**2 - 25*p - 83. What is the hundreds digit of b(8)?
3
Let k be 292/657 + (-8)/(-3)*110/15. Let n be 120*(59/4 - 2). What is the tens digit of ((-4)/(-6))/(k/n)?
5
Let o(z) = -z + 38. Let f be o(7). Let v(w) = -w**3 + 30*w**2 + 36*w - 65. What is the tens digit of v(f)?
9
Let q(u) = 1621*u + 39. What is the units digit of q(4)?
3
Let r(x) = 3106*x - 298. What is the tens digit of r(3)?
2
Let v(m) = m - 10. Let g(h) = h**2 + 8*h + 17. Let w be g(-7). Let u be v(w). Suppose u = -4*k + 4*l - l + 112, -28 = -k - 5*l. What is the tens digit of k?
2
Suppose 0 = 5*g - 2*q - 9, 4*g + 6 + 0 = -5*q. Let u be g + 956/8 + (-6)/4. What is the tens digit of u/2 - (-2 - (-9)/6)?
6
Let a(k) = -79*k**2 - 12*k + 70. Let r be a(-25). What is the thousands digit of (9/6)/(r/(-8166) + -6)?
1
Suppose -56*s + 62*s + 42 = 0. Let a(m) = -107*m + 27. What is the hundreds digit of a(s)?
7
Suppose -39*f - 18*f = -55*f - 8436. What is the units digit of f?
8
Suppose 0 = s + o + 646, -2*s - 1029 = -2*o + 283. Let j = s + 1018. What is the units digit of j?
7
Let r be 15/(-15) + (2 - 1). Suppose r = 2*p - 1333 + 409. Suppose 3*s = -3*s + p. What is the tens digit of s?
7
Suppose -34*b + 2*b = 26*b - 166808. What is the thousands digit of b?
2
Let j = -13496 - -28632. What is the tens digit of j?
3
Let j = 49 - 42. What is the tens digit of (-1)/j + (-7839)/(-91)?
8
Let t(n) be the second derivative of 17*n**4/12 - n**3/3 + 2*n**2 + 18*n. What is the tens digit of t(3)?
5
Suppose 4*n + 34592 = 4*r - 0*r, n + 34574 = 4*r. What is the units digit of r?
2
Let l(i) = 21*i**2 + 434*i - 276. What is the thousands digit of l(46)?
4
Suppose y + 4*b = -0*y + 546, -1623 = -3*y + 3*b. Let t = y - -681. What is the units digit of t?
3
Suppose 55 = 7*v + 307. Let r = v - -36. What is the hundreds digit of (0 - r) + 129/1?
1
Suppose 2*l + 4 = 0, -c - 5*l - 10 = -0*c. Let d be (3/(-9))/(2/(-18)). Let j = c + d. What is the units digit of j?
3
Let m(y) be the third derivative of 0 - 8*y**2 + 37/2*y**3 + 0*y - 1/8*y**4. What is the hundreds digit of m(0)?
1
Let g = 122 + 260. Suppose 0 = w - 2*u - g, 3*u - 4*u = 5*w - 1899. What is the hundreds digit of w?
3
Let f be (-51)/(-18)*(0 + 6). Suppose 432 = f*o - 1081. What is the units digit of o?
9
Let n be (-1 - (-4 - -2))*5. Suppose -5*k - 1245 = -n*p, -k - 329 = -2*p + 169. What is the units digit of p?
9
Let r = 56 + -21. Let c = 47 - r. Suppose -3*o = -c, 116 = f + 3*o + 8. What is the tens digit of f?
9
Suppose 0 = -73*z + 56*z - 15946. Let r = -512 - z. What is the hundreds digit of r?
4
Let z(m) = 3*m**3 - 24*m**2 - 41*m + 10. Let w(t) = -t**3 + t**2 + 2*t + 1. Let k(o) = -4*w(o) - z(o). What is the hundreds digit of k(-17)?
2
Suppose 2*z + 5*u - 32911 = 3*z, -2*z - 3*u = 65874. What is the units digit of z/(-63) + ((-32)/(-14) - 2)?
3
Let l(o) = -o**3 - 5*o**2 + o + 64. Let t be l(-18). Let u = t - 2651. What is the tens digit of u?
0
Suppose 0 = -3*m - 6, 107 = -2*k - 4*m + 10197. What is the thousands digit of k?
5
Let q(l) = 22*l**3 + 2*l**2 + 3. Suppose -5*s = 4*w - 13, 3*s = -4*w + 3*w + 5. What is the units digit of q(w)?
7
Suppose 21*f = -27*f + 32*f. Suppose f = 16*l - 5520 - 10976. What is the units digit of l?
1
Suppose 5*o - 5 = -5*i, -6*i - 16 = -4*o - 4*i. Let u be o/2 - (-281)/2. Let k = u - 75. What is the tens digit of k?
6
What is the units digit of 40*(-88 - 1106)*(0 - (-2)/(-4))?
0
Let a = 1181 + -656. Let f = -175 + a. Suppose 9*b = 2*b + f. What is the units digit of b?
0
Let g = 542 - -76. Let u be g/9*18/(-12). What is the tens digit of (-48)/(-20) - 4/10 - u?
0
Let i be 3088 - (-10)/((-25)/(-5)). Suppose -a + 16*a = i. What is the tens digit of a?
0
Suppose 0 = 2*p - 18*p + 17360. Let o = p + -300. What is the units digit of o?
5
Suppose 3*z + 4*v = -5, 4*v = -2*z - 5 - 5. Suppose 2*a + 4*f = 6*a - 2944, -3*f + 3672 = z*a. What is the hundreds digit of -5 + (3 - a)/(-4)?
1
Let x(v) = v - 11. Suppose -5*r = 2*r - 91. Let d be x(r). Suppose 2*o - 5*o = -4*h - 251, 198 = d*o + 5*h. What is the tens digit of o?
8
Let f be 85/(-10)*-1*26. Suppose -f = -4*b + 23. Let w = 104 - b. What is the tens digit of w?
4
What is the thousands digit of 126718/6 + (-446)/669?
1
Suppose 0 = -5*a - 7 + 27. Suppose -5*z = -78 - 882. Suppose -4*k + a*t + 285 + 91 = 0, 4*t + z = 2*k. What is the tens digit of k?
9
Let n(k) = 2*k**2 - k + 83. Let q be n(-27). Let l = q - 741. What is the units digit of l?
7
Let h = -64342 - -140795. What is the ten thousands digit of h?
7
Suppose -7*i = 119 - 28. What is the units digit of 2*(i/3 - -4)*-324?
6
Let p(o) = -35*o + 65. Let k be p(7). Let q = 236 + k. What is the units digit of q?
6
Suppose o - 3998 = -p, -5*o - 5*p = -9*o + 16010. What is the hundreds digit of o?
0
Let g(w) = -183*w + 27. Let b be g(-5). Suppose -5*k + k - 3*t = b, 2*k = -2*t - 470. Let a = 450 + k. What is the units digit of a?
3
Let u = 1148 + -160. Suppose 3*z + x - 1953 = 0, -2*z + 5*x + u = -314. What is the hundreds digit of z?
6
Suppose 0 = 29*r - 24*r + 105. What is the tens digit of ((-2078)/4)/((r/(-7))/(-6))?
3
Let y(s) = s**2 - 22*s + 19. Let z be y(20). What is the tens digit of (z/(-5) - 1)*(-580)/(-4)?
6
Let d = -27384 + 56372. What is the hundreds digit of d?
9
Let b be 3*(476/102 - (-1 + 5)). Let f(w) = w + 6. Let d be f(0). Suppose -5*y + 155 = 4*r, -3*r - 125 = -d*r - b*y. What is the tens digit of r?
4
Let o(r) = r - 4. Suppose 5*p = -90 + 15. Let k be o(p). Let w = k - -56. What is the tens digit of w?
3
Suppose -6*y + 29*y = 160517. What is the hundreds digit of y?
9
Let f = 0 - 366. Let y = 120 - f. What is the units digit of y?
6
Let t(s) = -4*s**3 - 7*s**2 + 69*s - 50. What is the tens digit of t(-13)?
5
Let b = 853 - 489. Suppose -2*a = -70 + 416. Let q = a + b. What is the units digit of q?
1
Let m = 57 - 55. Suppose 2*s + 4*s = m*s. What is the units digit of 7 - (s/5 - 2)?
9
Let w(n) = -861*n - 113. What is the thousands digit of w(-11)?
9
Let k = -1756 - -1737. Let m be 0 + 7*11 + 0. Let s = m + k. What is the units digit of s?
8
Suppose 4*p - 3*j - 12205 = 9788, -22013 = -4*p - j. What is the units digit of p?
2
Let p be -7 + (-6188)/(-49) + 2/(-7). Suppose 4*b - 6*b + p = i, -4*b = 0. What is the tens digit of i?
1
Suppose u - p - 11259 = 0, 50*u - 48*u - 22515 = 5*p. What is the thousands digit of u?
1
Let i(k) = 10*k**2 + 7*k. Let p be i(14). Let f = p + -1197. What is the units digit of f?
1
Let b(x) = -x**3 - 31*x**2 - 279*x - 129. What is the hundreds digit of b(-43)?
0
Let b(p) = p**2 - 21*p + 24. Let w be b(14). Let g = w + 146. Suppose -g = 12*k - 13*k. What is the units digit of k?
2
Let l be 24/(-18) + 1 + 4/(-6). Let j = l - -13. What is the tens digit of (352/j)/(((-8)/6)/(-4))?
8
What is the tens digit of 171/342*(0 - -8794)?
9
Let w(t) = -7*t - 27. Suppose 7*n - 148 = 3*n. Let 